{"id":814,"date":"2025-08-27T10:05:54","date_gmt":"2025-08-27T13:05:54","guid":{"rendered":"http:\/\/172.16.1.60\/?page_id=814"},"modified":"2025-12-04T14:07:10","modified_gmt":"2025-12-04T18:07:10","slug":"leica-tcs-sp8-mcf","status":"publish","type":"page","link":"http:\/\/cmabio.uea.edu.br\/index.php\/leica-tcs-sp8-mcf\/","title":{"rendered":"Leica TCS SP8 (MCF)"},"content":{"rendered":"\n<div class=\"wp-block-stackable-columns alignfull stk-block-columns stk-block stk-51b2b12 stk-block-background stk--has-background-overlay\" data-block-id=\"51b2b12\"><style>.stk-51b2b12 .stk--block-align-51b2b12{align-items:center !important;}.stk-51b2b12 {background-color:#000000 !important;background-image:url(http:\/\/cmabio.uea.edu.br\/wp-content\/uploads\/2025\/11\/blog10.jpg) !important;background-position:bottom center !important;background-repeat:no-repeat !important;background-size:cover !important;padding-top:300px !important;padding-bottom:200px !important;margin-bottom:0px !important;}.stk-51b2b12:before{background-color:#000000 !important;opacity:0.6 !important;}.stk-51b2b12-column{--stk-column-gap:35px !important;row-gap:35px !important;}@media screen and (max-width:999px){.stk-51b2b12 {padding-top:250px !important;padding-bottom:150px !important;}}@media screen and (max-width:689px){.stk-51b2b12 {padding-top:150px !important;padding-bottom:100px !important;}}<\/style><div class=\"stk-row stk-inner-blocks stk--block-align-51b2b12 stk-block-content stk-content-align stk-51b2b12-column alignfull\">\n<div class=\"wp-block-stackable-column stk-block-column stk-column stk-block stk-0e2597c\" data-v=\"4\" data-block-id=\"0e2597c\"><style>.stk-0e2597c-container{margin-top:0px !important;margin-right:0px !important;margin-bottom:0px !important;margin-left:0px !important;}<\/style><div class=\"stk-column-wrapper stk-block-column__content stk-container stk-0e2597c-container stk--no-background stk--no-padding\"><div class=\"stk-block-content stk-inner-blocks stk-0e2597c-inner-blocks\">\n<div class=\"wp-block-stackable-heading stk-block-heading stk-block-heading--v2 stk-block stk-45aa733\" id=\"leica-tcs-sp-8-mcf\" data-block-id=\"45aa733\"><style>.stk-45aa733 .stk-block-heading__text{color:var(--theme-palette-color-6, #F3F5F9) !important;}<\/style><h2 class=\"stk-block-heading__text has-text-color has-text-align-center\">Leica TCS SP8 (MCF)<\/h2><\/div>\n<\/div><\/div><\/div>\n<\/div><\/div>\n\n\n\n<div class=\"wp-block-stackable-spacer stk-block-spacer stk--no-padding stk-block stk-a4d5a5a\" data-block-id=\"a4d5a5a\"><style>.stk-a4d5a5a {height:140px !important;}<\/style><\/div>\n\n\n\n<div class=\"wp-block-stackable-heading stk-block-heading stk-block-heading--v2 stk-block stk-d1ec2a9\" id=\"microscopio-confocal-e-de-fluorescencia\" data-block-id=\"d1ec2a9\"><style>.stk-d1ec2a9 {margin-bottom:50px !important;}.stk-d1ec2a9 .stk-block-heading__text{font-size:30px !important;font-weight:800 !important;font-family:system-ui, sans-serif !important;}@media screen and (max-width:999px){.stk-d1ec2a9 .stk-block-heading__text{font-size:30px !important;}}<\/style><h2 class=\"stk-block-heading__text\">Microsc\u00f3pio Confocal e de Fluoresc\u00eancia<\/h2><\/div>\n\n\n\n<figure class=\"wp-block-image aligncenter size-large is-resized\"><img loading=\"lazy\" decoding=\"async\" width=\"1024\" height=\"791\" src=\"http:\/\/172.16.1.60\/wp-content\/uploads\/2025\/09\/IMG_2700-1024x791.jpg\" alt=\"\" class=\"wp-image-1231\" style=\"width:830px\" srcset=\"http:\/\/cmabio.uea.edu.br\/wp-content\/uploads\/2025\/09\/IMG_2700-1024x791.jpg 1024w, http:\/\/cmabio.uea.edu.br\/wp-content\/uploads\/2025\/09\/IMG_2700-300x232.jpg 300w, http:\/\/cmabio.uea.edu.br\/wp-content\/uploads\/2025\/09\/IMG_2700-768x594.jpg 768w, http:\/\/cmabio.uea.edu.br\/wp-content\/uploads\/2025\/09\/IMG_2700-1536x1187.jpg 1536w, http:\/\/cmabio.uea.edu.br\/wp-content\/uploads\/2025\/09\/IMG_2700-2048x1583.jpg 2048w\" sizes=\"auto, (max-width: 1024px) 100vw, 1024px\" \/><\/figure>\n\n\n\n<div class=\"wp-block-stackable-spacer stk-block-spacer stk--no-padding stk-block stk-38eb84e\" data-block-id=\"38eb84e\"><style>.stk-38eb84e {height:60px !important;}<\/style><\/div>\n\n\n\n<div class=\"wp-block-stackable-text stk-block-text stk-block stk-edab0f8\" data-block-id=\"edab0f8\"><p class=\"stk-block-text__text\">O microsc\u00f3pio confocal Leica TCS SP8 possui diversas caracter\u00edsticas que permitem a aquisi\u00e7\u00e3o de imagens de alta qualidade, dentre elas:<\/p><\/div>\n\n\n\n<ul class=\"wp-block-list\">\n<li>Detector h\u00edbrido, o qual fornece super-sensibilidade at\u00e9 ao menor sinal e contagem de f\u00f3tons para capturar quantitativamente todos os detalhes, possuindo&nbsp;alta sensibilidade e elevada rela\u00e7\u00e3o sinal-ru\u00eddo.<\/li>\n\n\n\n<li>Resolu\u00e7\u00e3o sub-difra\u00e7\u00e3o (140 nm);<\/li>\n\n\n\n<li>Alta velocidade de aquisi\u00e7\u00e3o de imagens;<\/li>\n\n\n\n<li>Aquisi\u00e7\u00e3o simult\u00e2nea em 3 detectores, permitindo a aquisi\u00e7\u00e3o de imagens de amostras com m\u00faltiplos fluor\u00f3foros;<\/li>\n\n\n\n<li>Configurado par live-cell imaging (c\u00e2mara de incuba\u00e7\u00e3o), o que permite a visualiza\u00e7\u00e3o de c\u00e9lulas vivas.<\/li>\n<\/ul>\n\n\n\n<div class=\"wp-block-stackable-subtitle stk-block-subtitle stk-block stk-0b325d3\" id=\"strong-aplicacoes-strong\" data-block-id=\"0b325d3\"><style>.stk-0b325d3 .stk-block-subtitle__text{font-size:20px !important;font-weight:800 !important;font-family:system-ui, sans-serif !important;}@media screen and (max-width:999px){.stk-0b325d3 .stk-block-subtitle__text{font-size:20px !important;}}<\/style><p class=\"stk-block-subtitle__text stk-subtitle\"><strong>Aplica\u00e7\u00f5es<\/strong><\/p><\/div>\n\n\n\n<ol class=\"wp-block-list\">\n<li><strong>Sa\u00fade:<\/strong>\n<ul class=\"wp-block-list\">\n<li>An\u00e1lise dos efeitos de f\u00e1rmacos nas c\u00e9lulas e desenvolvimento de anticorpos e linhagens celulares para vacinas;<\/li>\n\n\n\n<li>Diagn\u00f3stico de patologias (Identifica\u00e7\u00e3o r\u00e1pida e espec\u00edfica de c\u00e9lulas doentes);<\/li>\n\n\n\n<li>Entendimento de fen\u00f4menos celulares.<\/li>\n<\/ul>\n<\/li>\n\n\n\n<li><strong>Biologia:<\/strong>\n<ul class=\"wp-block-list\">\n<li>Discrimina\u00e7\u00e3o de t\u00e1xons, at\u00e9 esp\u00e9cies, em uma popula\u00e7\u00e3o, visualmente, com marcadores;<\/li>\n\n\n\n<li>An\u00e1lise Funcional\/Fisiol\u00f3gica;<\/li>\n\n\n\n<li>Observa\u00e7\u00e3o de cultura de c\u00e9lulas;<\/li>\n\n\n\n<li>An\u00e1lise Etol\u00f3gica.<\/li>\n<\/ul>\n<\/li>\n\n\n\n<li><strong>Ci\u00eancias dos materiais:<\/strong>\n<ul class=\"wp-block-list\">\n<li>An\u00e1lise n\u00e3o destrutiva de superf\u00edcies de materiais inorg\u00e2nicos;<\/li>\n\n\n\n<li>An\u00e1lise tomogr\u00e1fica n\u00e3o destrutiva de superf\u00edcies;<\/li>\n\n\n\n<li>Observa\u00e7\u00e3o de pol\u00edmeros aplicados a ind\u00fastria automotiva;<\/li>\n\n\n\n<li>An\u00e1lise de microestruturas de a\u00e7o ou outros tipos de materiais;<\/li>\n\n\n\n<li>Observa\u00e7\u00e3o de par\u00e2metros de rugosidade e estampabilidade.<\/li>\n<\/ul>\n<\/li>\n<\/ol>\n\n\n\n<div class=\"wp-block-stackable-text stk-block-text stk-block stk-d7410aa\" data-block-id=\"d7410aa\"><p class=\"stk-block-text__text\">Green, D.P. e&nbsp;Gerber, A.S.&nbsp;Get out the vote: How to increase voter turnout. Brookings Institution Press, 2019.<\/p><\/div>\n\n\n\n<div class=\"wp-block-stackable-text stk-block-text stk-block stk-9234aaf\" data-block-id=\"9234aaf\"><p class=\"stk-block-text__text\">Liu, P.;&nbsp;Lass\u00e9n, E.; Nair, V.; Berthier, C.C.;&nbsp;Suguro, M.; Sihlbom, C.;&nbsp;Kretzler, M.;&nbsp;Betsholtz, C.; Haraldsson, B.; Ju, W.; Ebefors, K.; Nystr\u00f6m, J. Transcriptomic and proteomic profiling provides insight into mesangial cell function in IgA nephropathy.&nbsp;Journal of the American Society of Nephrology, v. 28, n. 10, p. 2961-2972, 2017.<\/p><\/div>\n\n\n\n<div class=\"wp-block-stackable-text stk-block-text stk-block stk-50da6f3\" data-block-id=\"50da6f3\"><style>.stk-50da6f3 {margin-bottom:0px !important;}<\/style><p class=\"stk-block-text__text\">Lukumbuzya, M.; Schmid, M.;&nbsp;Pjevac, P.; Daims, H. A Multicolor Fluorescence in situ Hybridization Approach Using an Extended Set of Fluorophores to Visualize Microorganisms.&nbsp;Frontiers in microbiology, v. 10, p. 1383, 2019.<\/p><\/div>\n\n\n\n<div class=\"wp-block-stackable-spacer stk-block-spacer stk--no-padding stk-block stk-1f8c511\" data-block-id=\"1f8c511\"><style>.stk-1f8c511 {height:140px !important;}<\/style><\/div>\n","protected":false},"excerpt":{"rendered":"<p>Leica TCS SP8 (MCF) Microsc\u00f3pio Confocal e de Fluoresc\u00eancia O microsc\u00f3pio confocal Leica TCS SP8 possui diversas caracter\u00edsticas que permitem a aquisi\u00e7\u00e3o de imagens de alta qualidade, dentre elas: Aplica\u00e7\u00f5es Green, D.P. e&nbsp;Gerber, A.S.&nbsp;Get out the vote: How to increase voter turnout. Brookings Institution Press, 2019. Liu, P.;&nbsp;Lass\u00e9n, E.; Nair, V.; Berthier, C.C.;&nbsp;Suguro, M.; Sihlbom, [&hellip;]<\/p>\n","protected":false},"author":1,"featured_media":0,"parent":0,"menu_order":0,"comment_status":"closed","ping_status":"closed","template":"","meta":{"om_disable_all_campaigns":false,"_monsterinsights_skip_tracking":false,"_monsterinsights_sitenote_active":false,"_monsterinsights_sitenote_note":"","_monsterinsights_sitenote_category":0,"footnotes":""},"class_list":["post-814","page","type-page","status-publish","hentry"],"blocksy_meta":{"page_title_panel":"","has_hero_section":"disabled","fe1c64ab89945cda534f4bb2d579ae1a":"","hero_section":"type-1","hero_elements":[{"id":"custom_title","enabled":true,"heading_tag":"h1","title":"Home"},{"id":"custom_description","enabled":true,"description_visibility":{"desktop":true,"tablet":true,"mobile":false}},{"id":"custom_meta","enabled":false,"meta_elements":[{"id":"author","enabled":true,"label":"By","has_author_avatar":"yes","avatar_size":25},{"id":"post_date","enabled":true,"label":"On","date_format_source":"default","date_format":"M j, Y"},{"id":"updated_date","enabled":false,"label":"On","date_format_source":"default","date_format":"M j, Y"},{"id":"categories","enabled":false,"label":"In","style":"simple"},{"id":"comments","enabled":true}],"page_meta_elements":{"joined":true,"articles_count":true,"comments":true}},{"id":"breadcrumbs","enabled":false}],"433b02732bec8d55ec282f00a9a700eb":"","hero_alignment1":"CT_CSS_SKIP_RULE","hero_margin":40,"hero_alignment2":"center","hero_vertical_alignment":"center","fdbb34d69d6afe2394c07d96c9ea0b60":"","hero_structure":"narrow","cb306aece5e91b9a44875e4a81075440":"","page_title_bg_type":"featured_image","custom_hero_background":{"attachment_id":null},"page_title_image_size":"full","parallax":{"desktop":false,"tablet":false,"mobile":false},"034bc954f3c533bc75ffdf62670c8395":"","hero_height":"250px","pageTitleFont":{"family":"Default","variation":"Default","size":"30px","line-height":"CT_CSS_SKIP_RULE","letter-spacing":"CT_CSS_SKIP_RULE","text-transform":"CT_CSS_SKIP_RULE","text-decoration":"CT_CSS_SKIP_RULE"},"pageTitleFontColor":{"default":{"color":"CT_CSS_SKIP_RULEDEFAULT"}},"pageMetaFont":{"family":"Default","variation":"n6","size":"12px","line-height":"1.3","letter-spacing":"CT_CSS_SKIP_RULE","text-transform":"uppercase","text-decoration":"CT_CSS_SKIP_RULE"},"pageMetaFontColor":{"default":{"color":"CT_CSS_SKIP_RULEDEFAULT"},"hover":{"color":"CT_CSS_SKIP_RULEDEFAULT"}},"page_meta_button_type_font_colors":{"default":{"color":"CT_CSS_SKIP_RULEDEFAULT"},"hover":{"color":"CT_CSS_SKIP_RULEDEFAULT"}},"page_meta_button_type_background_colors":{"default":{"color":"CT_CSS_SKIP_RULEDEFAULT"},"hover":{"color":"CT_CSS_SKIP_RULEDEFAULT"}},"pageExcerptFont":{"family":"Default","variation":"Default","size":"CT_CSS_SKIP_RULE","line-height":"CT_CSS_SKIP_RULE","letter-spacing":"CT_CSS_SKIP_RULE","text-transform":"CT_CSS_SKIP_RULE","text-decoration":"CT_CSS_SKIP_RULE"},"pageExcerptColor":{"default":{"color":"CT_CSS_SKIP_RULEDEFAULT"}},"breadcrumbsFont":{"family":"Default","variation":"Default","size":"CT_CSS_SKIP_RULE","line-height":"CT_CSS_SKIP_RULE","letter-spacing":"CT_CSS_SKIP_RULE","text-transform":"CT_CSS_SKIP_RULE","text-decoration":"CT_CSS_SKIP_RULE"},"breadcrumbsFontColor":{"default":{"color":"CT_CSS_SKIP_RULEDEFAULT"},"initial":{"color":"CT_CSS_SKIP_RULEDEFAULT"},"hover":{"color":"CT_CSS_SKIP_RULEDEFAULT"}},"pageTitleOverlay":{"background_type":"color","background_pattern":"type-1","background_image":{"attachment_id":null,"x":0,"y":0},"gradient":"linear-gradient(135deg,rgba(6,147,227,1) 0%,rgb(155,81,224) 100%)","background_repeat":"repeat","background_size":"auto","background_attachment":"scroll","patternColor":{"default":{"color":"#e5e7ea"}},"overlayColor":{"default":{"color":"CT_CSS_SKIP_RULE"}},"backgroundColor":{"default":{"color":"CT_CSS_SKIP_RULE"}}},"pageTitleBackground":{"background_type":"color","background_pattern":"type-1","background_image":{"attachment_id":null,"x":0,"y":0},"gradient":"linear-gradient(135deg,rgba(6,147,227,1) 0%,rgb(155,81,224) 100%)","background_repeat":"repeat","background_size":"auto","background_attachment":"scroll","patternColor":{"default":{"color":"#e5e7ea"}},"overlayColor":{"default":{"color":"CT_CSS_SKIP_RULE"}},"backgroundColor":{"default":{"color":"var(--theme-palette-color-6)"}}},"pageTitlePadding":{"top":"50px","bottom":"50px","left":"auto","right":"auto","linked":true},"12e455f30de1d15aed0effbbb6f951bf":"","page_structure_type":"default","f474d2f3ad69b4e64f52dac0a3aa2bb2":"","content_style_source":"inherit","content_style":"wide","vertical_spacing_source":"custom","content_area_spacing":"none","background":{"background_type":"color","background_pattern":"type-1","background_image":{"attachment_id":null,"x":0,"y":0},"gradient":"linear-gradient(135deg,rgba(6,147,227,1) 0%,rgb(155,81,224) 100%)","background_repeat":"repeat","background_size":"auto","background_attachment":"scroll","patternColor":{"default":{"color":"#e5e7ea"}},"overlayColor":{"default":{"color":"CT_CSS_SKIP_RULE"}},"backgroundColor":{"default":{"color":"CT_CSS_SKIP_RULE"}}},"content_background":{"background_type":"color","background_pattern":"type-1","background_image":{"attachment_id":null,"x":0,"y":0},"gradient":"linear-gradient(135deg,rgba(6,147,227,1) 0%,rgb(155,81,224) 100%)","background_repeat":"repeat","background_size":"auto","background_attachment":"scroll","patternColor":{"default":{"color":"#e5e7ea"}},"overlayColor":{"default":{"color":"CT_CSS_SKIP_RULE"}},"backgroundColor":{"default":{"color":"var(--theme-palette-color-8)"}}},"content_boxed_shadow":{"inherit":false,"blur":18,"spread":-6,"v_offset":12,"h_offset":0,"inset":false,"enable":true,"color":{"color":"rgba(34, 56, 101, 0.04)"}},"content_boxed_border":{"width":1,"style":"none","color":{"color":"rgba(44,62,80,0.2)"}},"content_boxed_radius":{"top":"3px","bottom":"3px","left":"3px","right":"3px","linked":true},"boxed_content_spacing":{"desktop":{"top":"40px","bottom":"40px","left":"40px","right":"40px","linked":true},"tablet":{"top":"35px","bottom":"35px","left":"35px","right":"35px","linked":true},"mobile":{"top":"20px","bottom":"20px","left":"20px","right":"20px","linked":true}},"fca9f1d1c7aa58a4b21dd78357f6373e":"","disable_featured_image":"no","disable_share_box":"no","disable_header":"no","disable_footer":"no","styles_descriptor":{"styles":{"desktop":"","tablet":"","mobile":""},"google_fonts":[],"version":6}},"aioseo_notices":[],"_links":{"self":[{"href":"http:\/\/cmabio.uea.edu.br\/index.php\/wp-json\/wp\/v2\/pages\/814","targetHints":{"allow":["GET"]}}],"collection":[{"href":"http:\/\/cmabio.uea.edu.br\/index.php\/wp-json\/wp\/v2\/pages"}],"about":[{"href":"http:\/\/cmabio.uea.edu.br\/index.php\/wp-json\/wp\/v2\/types\/page"}],"author":[{"embeddable":true,"href":"http:\/\/cmabio.uea.edu.br\/index.php\/wp-json\/wp\/v2\/users\/1"}],"replies":[{"embeddable":true,"href":"http:\/\/cmabio.uea.edu.br\/index.php\/wp-json\/wp\/v2\/comments?post=814"}],"version-history":[{"count":16,"href":"http:\/\/cmabio.uea.edu.br\/index.php\/wp-json\/wp\/v2\/pages\/814\/revisions"}],"predecessor-version":[{"id":1811,"href":"http:\/\/cmabio.uea.edu.br\/index.php\/wp-json\/wp\/v2\/pages\/814\/revisions\/1811"}],"wp:attachment":[{"href":"http:\/\/cmabio.uea.edu.br\/index.php\/wp-json\/wp\/v2\/media?parent=814"}],"curies":[{"name":"wp","href":"https:\/\/api.w.org\/{rel}","templated":true}]}}